{"id":5059,"date":"2023-09-21T13:21:56","date_gmt":"2023-09-21T13:21:56","guid":{"rendered":"https:\/\/cde.ulb.be\/?page_id=5059"},"modified":"2026-03-04T08:56:13","modified_gmt":"2026-03-04T08:56:13","slug":"european-competition-law-tuesdays","status":"publish","type":"page","link":"https:\/\/cde.ulb.be\/en\/sample-page\/european-competition-law-tuesdays\/","title":{"rendered":"European Competition Law Tuesdays"},"content":{"rendered":"<p><\/p>\n<h3 align=\"justify\"><strong>About the European Competition Law Tuesdays\u00a0<\/strong><\/h3>\n<p align=\"justify\">For over 50 years the Centre for European Law has been organising seminars, known as the \u201cMardis du droit europ\u00e9en de la concurrence\u201d, looking into the different aspects of EU competition law. They have been referred to as <span style=\"color: #0000ff;\"><a style=\"color: #0000ff;\" href=\"https:\/\/ec.europa.eu\/commission\/presscorner\/detail\/en\/SPEECH_22_6393\"><strong><em>one of the most influential forums \u201cin sharing our understanding and shaping our thinking in the field of competition\u201d<\/em><\/strong><\/a><\/span> by former European Vice-President M. Vestager at the occasion of the opening of its 2022-23 edition.<\/p>\n<p align=\"justify\">Originally organised by Professor Michel Waelbroeck, they are now organised by Professors Jean-Fran\u00e7ois Bellis, Denis Waelbroeck and Nathan Cambien. They constitute a <strong>forum for discussion <\/strong>and feature renowned academics, practitioners from the European institutions, and the European Commission in particular, and practitioners from law firms specialising in this area of law.<\/p>\n<h3 align=\"justify\"><strong>Programme<\/strong><\/h3>\n<p align=\"justify\"><strong>This year\u2019s seminars<\/strong> will be dedicated once again to the study of different important developments in the jurisprudence of European courts and the practice and policy of the Commission. You will find below the list of speakers<\/p>\n<div class=\"has-user-generated-content\">\n<div class=\"eds-l-mar-vert-6 eds-l-sm-mar-vert-4 eds-text-bm structured-content-rich-text\">\n<div class=\"eds-text--left\">\n<ul>\n<li>\n<div class=\"has-user-generated-content\">\n<div class=\"eds-l-mar-vert-6 eds-l-sm-mar-vert-4 eds-text-bm structured-content-rich-text\">\n<div class=\"eds-text--left\">\n<div class=\"has-user-generated-content\">\n<div class=\"eds-l-mar-vert-6 eds-l-sm-mar-vert-4 eds-text-bm structured-content-rich-text\">\n<div class=\"eds-text--left\">\n<ul>\n<li>4 November 2025 \u2013 <em><strong>Opening speech: Recent developments on abuse of dominance<\/strong><\/em>\u00a0by\u00a0<strong>Pablo Ib\u00e1\u00f1ez Colomo<\/strong>\u00a0(LSE, College of Europe Bruges)<\/li>\n<li>18 November 2025 \u2013 <em><strong>R<\/strong><strong>ecent developments in state aid policy\u00a0<\/strong><\/em>with\u00a0<strong>Jessica Bracker\u00a0<\/strong>(Ashurst LLP, Universit\u00e9 de Strasbourg)<\/li>\n<li>16 December 2025 \u2013 <em><strong>EU competition policy: current priorities and challenges<\/strong><\/em>\u00a0with\u00a0<strong>Sophie Moonen <\/strong>(Head of Unit, Antitrust case support and policy, DG COMP)<\/li>\n<li>20 January 2026 \u2013 <em><strong>La jurisprudence r\u00e9cente en mati\u00e8re de cartels<\/strong><\/em>\u00a0with\u00a0<strong>Fernando Castillo de la Torre\u00a0<\/strong>(Directeur, Service juridique, Commission europ\u00e9enne)* (*In French, without translation)<\/li>\n<li>10\u00a0February 2026 \u2013<em><strong> Recent developments in EU merger control <\/strong><\/em>with\u00a0<strong>Guillaume Loriot<\/strong>\u00a0(Deputy Director General, DG COMP)<\/li>\n<li>17 March 2026 \u2013 <b><i>The foreign subsidies regulation\u00a0<\/i><\/b>with<b> <span class=\"a_GcMg font-feature-liga-off font-feature-clig-off font-feature-calt-off text-decoration-none text-strikethrough-none\">Luis Moscoso Del Prado <\/span><\/b>(Case Handler, Foreign Subsidies III (K3)\u00a0at DG COMP)<\/li>\n<li>21 April 2026 \u2013 <em><strong>The digital markets act<\/strong><\/em>\u00a0with\u00a0<strong>Cristina Sjodin\u00a0<\/strong>(Deputy Head of Unit, DG COMP)<\/li>\n<li>(Monday!) 11 Mai 2026 \u2013 <em><strong>Closing speech: EU competition law and the Court of Justice\u00a0<\/strong><\/em>with\u00a0<strong>Laila Medina\u00a0<\/strong>(Advocate General, European Court of Justice)<\/li>\n<\/ul>\n<\/div>\n<\/div>\n<\/div>\n<\/div>\n<\/div>\n<\/div>\n<\/li>\n<\/ul>\n<\/div>\n<\/div>\n<\/div>\n<div class=\"structured-content-agenda-widget\">\n<h3>Practical information &amp; registration<\/h3>\n<div class=\"event-details__section-title\">The seminars are intended to those interested in the recent developments of EU competition law. When possible, reference texts will be sent to registered participants more or less 10 days before each session. This programme is part of the permanent training of the Brussels Bar and entitles participants to one point per hour of training.<\/div>\n<\/div>\n<p>Registration is mandatory and subjected to the following fees:<\/p>\n<ul>\n<li>400 euros (for the full set) or 60 euros (per session) for professionals;<\/li>\n<li>50 euros (for the full set) or 10 euros (per session) for students affiliated to other universities;<\/li>\n<li><strong>Free for ULB students.\u00a0<\/strong><\/li>\n<\/ul>\n<p>To register, please click on the below links:<\/p>\n<ul>\n<li><a href=\"https:\/\/register.event.ulb.be\/events\/lawtueouv\/\">Opening session, FREE<\/a><\/li>\n<li><a href=\"https:\/\/register.event.ulb.be\/events\/lawtueALLULB\/\">All sessions for ULB students<\/a><\/li>\n<li><a href=\"https:\/\/register.event.ulb.be\/events\/lawtueALLstu\/\">All sessions for non-ULB students<\/a><\/li>\n<li><a href=\"https:\/\/register.event.ulb.be\/events\/lawtueALLext\/\">All sessions for professionals<\/a><\/li>\n<li><a href=\"https:\/\/register.event.ulb.be\/events\/lawtuesessULB\/\">Per session for ULB students<\/a><\/li>\n<li><a href=\"https:\/\/register.event.ulb.be\/events\/lawtue10\/\">Per session for non-ULB students<\/a><\/li>\n<li><a href=\"https:\/\/register.event.ulb.be\/events\/lawtue60\/\">Per session for professionals<\/a><\/li>\n<\/ul>\n<p>Location: Institute for European Studies (IEE-ULB), Spaak room [Avenue F.D. Roosevelt 39, 1050 Brussels]<\/p>\n<p>You can also check our 2024-2025 brochure by clicking here: <a href=\"https:\/\/cde.ulb.be\/wp-content\/uploads\/2025\/10\/EU-competition-law-tue.pdf\">EU competition law tue<\/a><\/p>\n<p>For more information, please contact Fran\u00e7oise Vanden Broeck (francoise.vanden.broeck@ulb.be).<\/p>","protected":false},"excerpt":{"rendered":"<p>About the European Competition Law Tuesdays\u00a0 For over 50 years the Centre for European Law has been organising seminars, known as the \u201cMardis du droit europ\u00e9en de la concurrence\u201d, looking into the different aspects of EU competition law. They have <a href=\"https:\/\/cde.ulb.be\/en\/sample-page\/european-competition-law-tuesdays\/\" class=\"read-more\">Lire plus<\/a><\/p>\n","protected":false},"author":9,"featured_media":0,"parent":2,"menu_order":0,"comment_status":"closed","ping_status":"closed","template":"","meta":{"footnotes":""},"categories":[],"tags":[],"class_list":["post-5059","page","type-page","status-publish","hentry"],"yoast_head":"<!-- This site is optimized with the Yoast SEO plugin v15.2.1 - https:\/\/yoast.com\/wordpress\/plugins\/seo\/ -->\n<title>European Competition Law Tuesdays - CDE<\/title>\n<meta name=\"description\" content=\"Monthly conferences entitled European Competition Law Tuesdays organised by Professors Jean-Fran\u00e7ois Bellis and Denis Waelbroeck. They consist of a discussion forum, focusing on interventions by experts in the field, followed by a discussion with the participants.\" \/>\n<meta name=\"robots\" content=\"index, follow, max-snippet:-1, max-image-preview:large, max-video-preview:-1\" \/>\n<link rel=\"canonical\" href=\"https:\/\/cde.ulb.be\/sample-page\/european-competition-law-tuesdays\/\" \/>\n<meta property=\"og:locale\" content=\"en_US\" \/>\n<meta property=\"og:type\" content=\"article\" \/>\n<meta property=\"og:title\" content=\"European Competition Law Tuesdays - CDE\" \/>\n<meta property=\"og:description\" content=\"{:fr}Conf\u00e9rences mensuelles intitul\u00e9es &quot;Les jeudis du droit europ\u00e9en de la concurrence&quot; organis\u00e9es par les Professeurs Jean-Fran\u00e7ois Bellis et Denis Waelbroeck. Elles consistent en un forum de discussion, ax\u00e9 sur des interventions d&#039;experts en la mati\u00e8re, suivi d&#039;une discussion avec les participants.Conf\u00e9rences mensuelles intitul\u00e9es &quot;Les jeudis du droit europ\u00e9en de la concurrence&quot; organis\u00e9es par les Professeurs Jean-Fran\u00e7ois Bellis et Denis Waelbroeck. Elles consistent en un forum de discussion, ax\u00e9 sur des interventions d&#039;experts en la mati\u00e8re, suivi d&#039;une discussion avec les participants.Conf\u00e9rences mensuelles intitul\u00e9es &quot;Les mardis du droit europ\u00e9en de la concurrence&quot; organis\u00e9es par les Professeurs Jean-Fran\u00e7ois Bellis et Denis Waelbroeck. Elles consistent en un forum de discussion, ax\u00e9 sur des interventions d&#039;experts en la mati\u00e8re, suivi d&#039;une discussion avec les participants. {:en} Monthly conferences entitled European Competition Law Tuesdays organised by Professors Jean-Fran\u00e7ois Bellis and Denis Waelbroeck. They consist of a discussion forum, focusing on interventions by experts in the field, followed by a discussion with the participants.{:}\" \/>\n<meta property=\"og:url\" content=\"https:\/\/cde.ulb.be\/sample-page\/european-competition-law-tuesdays\/\" \/>\n<meta property=\"og:site_name\" content=\"CDE\" \/>\n<meta property=\"article:publisher\" content=\"https:\/\/www.facebook.com\/CDEULB\/\" \/>\n<meta property=\"article:modified_time\" content=\"2026-03-04T08:56:13+00:00\" \/>\n<meta name=\"twitter:card\" content=\"summary\" \/>\n<meta name=\"twitter:label1\" content=\"Written by\">\n\t<meta name=\"twitter:data1\" content=\"Chlo\u00e9 Bri\u00e8re\">\n\t<meta name=\"twitter:label2\" content=\"Est. reading time\">\n\t<meta name=\"twitter:data2\" content=\"4 minutes\">\n<script type=\"application\/ld+json\" class=\"yoast-schema-graph\">{\"@context\":\"https:\/\/schema.org\",\"@graph\":[{\"@type\":\"Organization\",\"@id\":\"https:\/\/cde.ulb.be\/#organization\",\"name\":\"Centre de droit europ\\u00e9en\",\"url\":\"https:\/\/cde.ulb.be\/\",\"sameAs\":[\"https:\/\/www.facebook.com\/CDEULB\/\"],\"logo\":{\"@type\":\"ImageObject\",\"@id\":\"https:\/\/cde.ulb.be\/#logo\",\"inLanguage\":\"en-US\",\"url\":\"https:\/\/cde.ulb.be\/wp-content\/uploads\/2016\/06\/logoAbr70x70.png\",\"width\":70,\"height\":70,\"caption\":\"Centre de droit europ\\u00e9en\"},\"image\":{\"@id\":\"https:\/\/cde.ulb.be\/#logo\"}},{\"@type\":\"WebSite\",\"@id\":\"https:\/\/cde.ulb.be\/#website\",\"url\":\"https:\/\/cde.ulb.be\/\",\"name\":\"CDE\",\"description\":\"Centre de droit Europ\\u00e9en - European Law Centre\",\"publisher\":{\"@id\":\"https:\/\/cde.ulb.be\/#organization\"},\"potentialAction\":[{\"@type\":\"SearchAction\",\"target\":\"https:\/\/cde.ulb.be\/?s={search_term_string}\",\"query-input\":\"required name=search_term_string\"}],\"inLanguage\":\"en-US\"},{\"@type\":\"WebPage\",\"@id\":\"https:\/\/cde.ulb.be\/sample-page\/european-competition-law-tuesdays\/#webpage\",\"url\":\"https:\/\/cde.ulb.be\/sample-page\/european-competition-law-tuesdays\/\",\"name\":\"European Competition Law Tuesdays - CDE\",\"isPartOf\":{\"@id\":\"https:\/\/cde.ulb.be\/#website\"},\"datePublished\":\"2023-09-21T13:21:56+00:00\",\"dateModified\":\"2026-03-04T08:56:13+00:00\",\"description\":\"{:fr}Conf\\u00e9rences mensuelles intitul\\u00e9es \\\"Les jeudis du droit europ\\u00e9en de la concurrence\\\" organis\\u00e9es par les Professeurs Jean-Fran\\u00e7ois Bellis et Denis Waelbroeck. Elles consistent en un forum de discussion, ax\\u00e9 sur des interventions d'experts en la mati\\u00e8re, suivi d'une discussion avec les participants.Conf\\u00e9rences mensuelles intitul\\u00e9es \\\"Les jeudis du droit europ\\u00e9en de la concurrence\\\" organis\\u00e9es par les Professeurs Jean-Fran\\u00e7ois Bellis et Denis Waelbroeck. Elles consistent en un forum de discussion, ax\\u00e9 sur des interventions d'experts en la mati\\u00e8re, suivi d'une discussion avec les participants.Conf\\u00e9rences mensuelles intitul\\u00e9es \\\"Les mardis du droit europ\\u00e9en de la concurrence\\\" organis\\u00e9es par les Professeurs Jean-Fran\\u00e7ois Bellis et Denis Waelbroeck. Elles consistent en un forum de discussion, ax\\u00e9 sur des interventions d'experts en la mati\\u00e8re, suivi d'une discussion avec les participants. {:en} Monthly conferences entitled European Competition Law Tuesdays organised by Professors Jean-Fran\\u00e7ois Bellis and Denis Waelbroeck. They consist of a discussion forum, focusing on interventions by experts in the field, followed by a discussion with the participants.{:}\",\"inLanguage\":\"en-US\",\"potentialAction\":[{\"@type\":\"ReadAction\",\"target\":[\"https:\/\/cde.ulb.be\/sample-page\/european-competition-law-tuesdays\/\"]}]}]}<\/script>\n<!-- \/ Yoast SEO plugin. -->","_links":{"self":[{"href":"https:\/\/cde.ulb.be\/en\/wp-json\/wp\/v2\/pages\/5059","targetHints":{"allow":["GET"]}}],"collection":[{"href":"https:\/\/cde.ulb.be\/en\/wp-json\/wp\/v2\/pages"}],"about":[{"href":"https:\/\/cde.ulb.be\/en\/wp-json\/wp\/v2\/types\/page"}],"author":[{"embeddable":true,"href":"https:\/\/cde.ulb.be\/en\/wp-json\/wp\/v2\/users\/9"}],"replies":[{"embeddable":true,"href":"https:\/\/cde.ulb.be\/en\/wp-json\/wp\/v2\/comments?post=5059"}],"version-history":[{"count":65,"href":"https:\/\/cde.ulb.be\/en\/wp-json\/wp\/v2\/pages\/5059\/revisions"}],"predecessor-version":[{"id":5592,"href":"https:\/\/cde.ulb.be\/en\/wp-json\/wp\/v2\/pages\/5059\/revisions\/5592"}],"up":[{"embeddable":true,"href":"https:\/\/cde.ulb.be\/en\/wp-json\/wp\/v2\/pages\/2"}],"wp:attachment":[{"href":"https:\/\/cde.ulb.be\/en\/wp-json\/wp\/v2\/media?parent=5059"}],"wp:term":[{"taxonomy":"category","embeddable":true,"href":"https:\/\/cde.ulb.be\/en\/wp-json\/wp\/v2\/categories?post=5059"},{"taxonomy":"post_tag","embeddable":true,"href":"https:\/\/cde.ulb.be\/en\/wp-json\/wp\/v2\/tags?post=5059"}],"curies":[{"name":"wp","href":"https:\/\/api.w.org\/{rel}","templated":true}]}}

<p></p>
<h3 align="justify"><strong>About the European Competition Law Tuesdays </strong></h3>
<p align="justify">For over 50 years the Centre for European Law has been organising seminars, known as the “Mardis du droit européen de la concurrence”, looking into the different aspects of EU competition law. They have been referred to as <span style="color: #0000ff;"><a style="color: #0000ff;" href="https://ec.europa.eu/commission/presscorner/detail/en/SPEECH_22_6393"><strong><em>one of the most influential forums “in sharing our understanding and shaping our thinking in the field of competition”</em></strong></a></span> by former European Vice-President M. Vestager at the occasion of the opening of its 2022-23 edition.</p>
<p align="justify">Originally organised by Professor Michel Waelbroeck, they are now organised by Professors Jean-François Bellis, Denis Waelbroeck and Nathan Cambien. They constitute a <strong>forum for discussion </strong>and feature renowned academics, practitioners from the European institutions, and the European Commission in particular, and practitioners from law firms specialising in this area of law.</p>
<h3 align="justify"><strong>Programme</strong></h3>
<p align="justify"><strong>This year’s seminars</strong> will be dedicated once again to the study of different important developments in the jurisprudence of European courts and the practice and policy of the Commission. You will find below the list of speakers</p>
<div class="has-user-generated-content">
<div class="eds-l-mar-vert-6 eds-l-sm-mar-vert-4 eds-text-bm structured-content-rich-text">
<div class="eds-text--left">
<ul>
<li>
<div class="has-user-generated-content">
<div class="eds-l-mar-vert-6 eds-l-sm-mar-vert-4 eds-text-bm structured-content-rich-text">
<div class="eds-text--left">
<div class="has-user-generated-content">
<div class="eds-l-mar-vert-6 eds-l-sm-mar-vert-4 eds-text-bm structured-content-rich-text">
<div class="eds-text--left">
<ul>
<li>4 November 2025 – <em><strong>Opening speech: Recent developments on abuse of dominance</strong></em> by <strong>Pablo Ibáñez Colomo</strong> (LSE, College of Europe Bruges)</li>
<li>18 November 2025 – <em><strong>R</strong><strong>ecent developments in state aid policy </strong></em>with <strong>Jessica Bracker </strong>(Ashurst LLP, Université de Strasbourg)</li>
<li>16 December 2025 – <em><strong>EU competition policy: current priorities and challenges</strong></em> with <strong>Sophie Moonen </strong>(Head of Unit, Antitrust case support and policy, DG COMP)</li>
<li>20 January 2026 – <em><strong>La jurisprudence récente en matière de cartels</strong></em> with <strong>Fernando Castillo de la Torre </strong>(Directeur, Service juridique, Commission européenne)* (*In French, without translation)</li>
<li>10 February 2026 –<em><strong> Recent developments in EU merger control </strong></em>with <strong>Guillaume Loriot</strong> (Deputy Director General, DG COMP)</li>
<li>17 March 2026 – <b><i>The foreign subsidies regulation </i></b>with<b> <span class="a_GcMg font-feature-liga-off font-feature-clig-off font-feature-calt-off text-decoration-none text-strikethrough-none">Luis Moscoso Del Prado </span></b>(Case Handler, Foreign Subsidies III (K3) at DG COMP)</li>
<li>21 April 2026 – <em><strong>The digital markets act</strong></em> with <strong>Cristina Sjodin </strong>(Deputy Head of Unit, DG COMP)</li>
<li>(Monday!) 11 Mai 2026 – <em><strong>Closing speech: EU competition law and the Court of Justice </strong></em>with <strong>Laila Medina </strong>(Advocate General, European Court of Justice)</li>
</ul>
</div>
</div>
</div>
</div>
</div>
</div>
</li>
</ul>
</div>
</div>
</div>
<div class="structured-content-agenda-widget">
<h3>Practical information &amp; registration</h3>
<div class="event-details__section-title">The seminars are intended to those interested in the recent developments of EU competition law. When possible, reference texts will be sent to registered participants more or less 10 days before each session. This programme is part of the permanent training of the Brussels Bar and entitles participants to one point per hour of training.</div>
</div>
<p>Registration is mandatory and subjected to the following fees:</p>
<ul>
<li>400 euros (for the full set) or 60 euros (per session) for professionals;</li>
<li>50 euros (for the full set) or 10 euros (per session) for students affiliated to other universities;</li>
<li><strong>Free for ULB students. </strong></li>
</ul>
<p>To register, please click on the below links:</p>
<ul>
<li><a href="https://register.event.ulb.be/events/lawtueouv/">Opening session, FREE</a></li>
<li><a href="https://register.event.ulb.be/events/lawtueALLULB/">All sessions for ULB students</a></li>
<li><a href="https://register.event.ulb.be/events/lawtueALLstu/">All sessions for non-ULB students</a></li>
<li><a href="https://register.event.ulb.be/events/lawtueALLext/">All sessions for professionals</a></li>
<li><a href="https://register.event.ulb.be/events/lawtuesessULB/">Per session for ULB students</a></li>
<li><a href="https://register.event.ulb.be/events/lawtue10/">Per session for non-ULB students</a></li>
<li><a href="https://register.event.ulb.be/events/lawtue60/">Per session for professionals</a></li>
</ul>
<p>Location: Institute for European Studies (IEE-ULB), Spaak room [Avenue F.D. Roosevelt 39, 1050 Brussels]</p>
<p>You can also check our 2024-2025 brochure by clicking here: <a href="https://cde.ulb.be/wp-content/uploads/2025/10/EU-competition-law-tue.pdf">EU competition law tue</a></p>
<p>For more information, please contact Françoise Vanden Broeck (francoise.vanden.broeck@ulb.be).</p>

<p>About the European Competition Law Tuesdays  For over 50 years the Centre for European Law has been organising seminars, known as the “Mardis du droit européen de la concurrence”, looking into the different aspects of EU competition law. They have <a href="https://cde.ulb.be/en/sample-page/european-competition-law-tuesdays/" class="read-more">Lire plus</a></p>

<!-- This site is optimized with the Yoast SEO plugin v15.2.1 - https://yoast.com/wordpress/plugins/seo/ -->
<title>European Competition Law Tuesdays - CDE</title>
<meta name="description" content="Monthly conferences entitled European Competition Law Tuesdays organised by Professors Jean-François Bellis and Denis Waelbroeck. They consist of a discussion forum, focusing on interventions by experts in the field, followed by a discussion with the participants." />
<meta name="robots" content="index, follow, max-snippet:-1, max-image-preview:large, max-video-preview:-1" />
<link rel="canonical" href="https://cde.ulb.be/sample-page/european-competition-law-tuesdays/" />
<meta property="og:locale" content="en_US" />
<meta property="og:type" content="article" />
<meta property="og:title" content="European Competition Law Tuesdays - CDE" />
<meta property="og:description" content="{:fr}Conférences mensuelles intitulées &quot;Les jeudis du droit européen de la concurrence&quot; organisées par les Professeurs Jean-François Bellis et Denis Waelbroeck. Elles consistent en un forum de discussion, axé sur des interventions d&#039;experts en la matière, suivi d&#039;une discussion avec les participants.Conférences mensuelles intitulées &quot;Les jeudis du droit européen de la concurrence&quot; organisées par les Professeurs Jean-François Bellis et Denis Waelbroeck. Elles consistent en un forum de discussion, axé sur des interventions d&#039;experts en la matière, suivi d&#039;une discussion avec les participants.Conférences mensuelles intitulées &quot;Les mardis du droit européen de la concurrence&quot; organisées par les Professeurs Jean-François Bellis et Denis Waelbroeck. Elles consistent en un forum de discussion, axé sur des interventions d&#039;experts en la matière, suivi d&#039;une discussion avec les participants. {:en} Monthly conferences entitled European Competition Law Tuesdays organised by Professors Jean-François Bellis and Denis Waelbroeck. They consist of a discussion forum, focusing on interventions by experts in the field, followed by a discussion with the participants.{:}" />
<meta property="og:url" content="https://cde.ulb.be/sample-page/european-competition-law-tuesdays/" />
<meta property="og:site_name" content="CDE" />
<meta property="article:publisher" content="https://www.facebook.com/CDEULB/" />
<meta property="article:modified_time" content="2026-03-04T08:56:13+00:00" />
<meta name="twitter:card" content="summary" />
<meta name="twitter:label1" content="Written by">
	<meta name="twitter:data1" content="Chloé Brière">
	<meta name="twitter:label2" content="Est. reading time">
	<meta name="twitter:data2" content="4 minutes">
<script type="application/ld+json" class="yoast-schema-graph">{"@context":"https://schema.org","@graph":[{"@type":"Organization","@id":"https://cde.ulb.be/#organization","name":"Centre de droit europ\u00e9en","url":"https://cde.ulb.be/","sameAs":["https://www.facebook.com/CDEULB/"],"logo":{"@type":"ImageObject","@id":"https://cde.ulb.be/#logo","inLanguage":"en-US","url":"https://cde.ulb.be/wp-content/uploads/2016/06/logoAbr70x70.png","width":70,"height":70,"caption":"Centre de droit europ\u00e9en"},"image":{"@id":"https://cde.ulb.be/#logo"}},{"@type":"WebSite","@id":"https://cde.ulb.be/#website","url":"https://cde.ulb.be/","name":"CDE","description":"Centre de droit Europ\u00e9en - European Law Centre","publisher":{"@id":"https://cde.ulb.be/#organization"},"potentialAction":[{"@type":"SearchAction","target":"https://cde.ulb.be/?s={search_term_string}","query-input":"required name=search_term_string"}],"inLanguage":"en-US"},{"@type":"WebPage","@id":"https://cde.ulb.be/sample-page/european-competition-law-tuesdays/#webpage","url":"https://cde.ulb.be/sample-page/european-competition-law-tuesdays/","name":"European Competition Law Tuesdays - CDE","isPartOf":{"@id":"https://cde.ulb.be/#website"},"datePublished":"2023-09-21T13:21:56+00:00","dateModified":"2026-03-04T08:56:13+00:00","description":"{:fr}Conf\u00e9rences mensuelles intitul\u00e9es \"Les jeudis du droit europ\u00e9en de la concurrence\" organis\u00e9es par les Professeurs Jean-Fran\u00e7ois Bellis et Denis Waelbroeck. Elles consistent en un forum de discussion, ax\u00e9 sur des interventions d'experts en la mati\u00e8re, suivi d'une discussion avec les participants.Conf\u00e9rences mensuelles intitul\u00e9es \"Les jeudis du droit europ\u00e9en de la concurrence\" organis\u00e9es par les Professeurs Jean-Fran\u00e7ois Bellis et Denis Waelbroeck. Elles consistent en un forum de discussion, ax\u00e9 sur des interventions d'experts en la mati\u00e8re, suivi d'une discussion avec les participants.Conf\u00e9rences mensuelles intitul\u00e9es \"Les mardis du droit europ\u00e9en de la concurrence\" organis\u00e9es par les Professeurs Jean-Fran\u00e7ois Bellis et Denis Waelbroeck. Elles consistent en un forum de discussion, ax\u00e9 sur des interventions d'experts en la mati\u00e8re, suivi d'une discussion avec les participants. {:en} Monthly conferences entitled European Competition Law Tuesdays organised by Professors Jean-Fran\u00e7ois Bellis and Denis Waelbroeck. They consist of a discussion forum, focusing on interventions by experts in the field, followed by a discussion with the participants.{:}","inLanguage":"en-US","potentialAction":[{"@type":"ReadAction","target":["https://cde.ulb.be/sample-page/european-competition-law-tuesdays/"]}]}]}</script>
<!-- / Yoast SEO plugin. -->
