{"version":"1.0","provider_name":"CDE","provider_url":"https:\/\/cde.ulb.be\/en","author_name":"Chlo\u00e9 Bri\u00e8re","author_url":"https:\/\/cde.ulb.be\/en\/author\/cbriere\/","title":"European Competition Law Tuesdays - CDE","type":"rich","width":600,"height":338,"html":"<blockquote class=\"wp-embedded-content\" data-secret=\"04OiXnIDdW\"><a href=\"https:\/\/cde.ulb.be\/en\/sample-page\/european-competition-law-tuesdays\/\">European Competition Law Tuesdays<\/a><\/blockquote><iframe sandbox=\"allow-scripts\" security=\"restricted\" src=\"https:\/\/cde.ulb.be\/en\/sample-page\/european-competition-law-tuesdays\/embed\/#?secret=04OiXnIDdW\" width=\"600\" height=\"338\" title=\"&#8220;European Competition Law Tuesdays&#8221; &#8212; CDE\" data-secret=\"04OiXnIDdW\" frameborder=\"0\" marginwidth=\"0\" marginheight=\"0\" scrolling=\"no\" class=\"wp-embedded-content\"><\/iframe><script type=\"text\/javascript\">\n\/* <![CDATA[ *\/\n\/*! This file is auto-generated *\/\n!function(d,l){\"use strict\";l.querySelector&&d.addEventListener&&\"undefined\"!=typeof URL&&(d.wp=d.wp||{},d.wp.receiveEmbedMessage||(d.wp.receiveEmbedMessage=function(e){var t=e.data;if((t||t.secret||t.message||t.value)&&!\/[^a-zA-Z0-9]\/.test(t.secret)){for(var s,r,n,a=l.querySelectorAll('iframe[data-secret=\"'+t.secret+'\"]'),o=l.querySelectorAll('blockquote[data-secret=\"'+t.secret+'\"]'),c=new RegExp(\"^https?:$\",\"i\"),i=0;i<o.length;i++)o[i].style.display=\"none\";for(i=0;i<a.length;i++)s=a[i],e.source===s.contentWindow&&(s.removeAttribute(\"style\"),\"height\"===t.message?(1e3<(r=parseInt(t.value,10))?r=1e3:~~r<200&&(r=200),s.height=r):\"link\"===t.message&&(r=new URL(s.getAttribute(\"src\")),n=new URL(t.value),c.test(n.protocol))&&n.host===r.host&&l.activeElement===s&&(d.top.location.href=t.value))}},d.addEventListener(\"message\",d.wp.receiveEmbedMessage,!1),l.addEventListener(\"DOMContentLoaded\",function(){for(var e,t,s=l.querySelectorAll(\"iframe.wp-embedded-content\"),r=0;r<s.length;r++)(t=(e=s[r]).getAttribute(\"data-secret\"))||(t=Math.random().toString(36).substring(2,12),e.src+=\"#?secret=\"+t,e.setAttribute(\"data-secret\",t)),e.contentWindow.postMessage({message:\"ready\",secret:t},\"*\")},!1)))}(window,document);\n\/\/# sourceURL=https:\/\/cde.ulb.be\/wp-includes\/js\/wp-embed.min.js\n\/* ]]> *\/\n<\/script>\n","description":"{:fr}Conf\u00e9rences mensuelles intitul\u00e9es \"Les jeudis du droit europ\u00e9en de la concurrence\" organis\u00e9es par les Professeurs Jean-Fran\u00e7ois Bellis et Denis Waelbroeck. Elles consistent en un forum de discussion, ax\u00e9 sur des interventions d'experts en la mati\u00e8re, suivi d'une discussion avec les participants.Conf\u00e9rences mensuelles intitul\u00e9es \"Les jeudis du droit europ\u00e9en de la concurrence\" organis\u00e9es par les Professeurs Jean-Fran\u00e7ois Bellis et Denis Waelbroeck. Elles consistent en un forum de discussion, ax\u00e9 sur des interventions d'experts en la mati\u00e8re, suivi d'une discussion avec les participants.Conf\u00e9rences mensuelles intitul\u00e9es \"Les mardis du droit europ\u00e9en de la concurrence\" organis\u00e9es par les Professeurs Jean-Fran\u00e7ois Bellis et Denis Waelbroeck. Elles consistent en un forum de discussion, ax\u00e9 sur des interventions d'experts en la mati\u00e8re, suivi d'une discussion avec les participants. {:en} Monthly conferences entitled European Competition Law Tuesdays organised by Professors Jean-Fran\u00e7ois Bellis and Denis Waelbroeck. They consist of a discussion forum, focusing on interventions by experts in the field, followed by a discussion with the participants.{:}"}

Chloé Brière

{:fr}Conférences mensuelles intitulées "Les jeudis du droit européen de la concurrence" organisées par les Professeurs Jean-François Bellis et Denis Waelbroeck. Elles consistent en un forum de discussion, axé sur des interventions d'experts en la matière, suivi d'une discussion avec les participants.Conférences mensuelles intitulées "Les jeudis du droit européen de la concurrence" organisées par les Professeurs Jean-François Bellis et Denis Waelbroeck. Elles consistent en un forum de discussion, axé sur des interventions d'experts en la matière, suivi d'une discussion avec les participants.Conférences mensuelles intitulées "Les mardis du droit européen de la concurrence" organisées par les Professeurs Jean-François Bellis et Denis Waelbroeck. Elles consistent en un forum de discussion, axé sur des interventions d'experts en la matière, suivi d'une discussion avec les participants. {:en} Monthly conferences entitled European Competition Law Tuesdays organised by Professors Jean-François Bellis and Denis Waelbroeck. They consist of a discussion forum, focusing on interventions by experts in the field, followed by a discussion with the participants.{:}
